 b and 14?
14
Let n(w) = w**3 + 30*w**2 + 11*w - 205. Let m be n(-25). Calculate the greatest common divisor of m and 115.
115
Suppose -5*t = 15, 293 = 4*s + 4*t - 327. What is the greatest common divisor of 237 and s?
79
Let k(i) be the third derivative of -i**4/12 - i**3/2 + 4*i**2. Let y be k(-4). Suppose 4*p = 39 + y. What is the highest common divisor of 77 and p?
11
Let z(h) = -h + 7. Let b be z(-10). Suppose 3*k - m - 408 = 0, -2*m - 3*m = 4*k - 544. Calculate the greatest common factor of k and b.
17
Let b(u) = 21*u + 490. Let s be b(-23). What is the greatest common divisor of s and 959?
7
Let q = 323 + -148. Suppose -j + 35 = -0*j. Calculate the greatest common factor of j and q.
35
Let z be (-20)/(-5) - (2 + -831). Suppose -10*c + 3*c + z = 0. Calculate the highest common divisor of 17 and c.
17
Let v be 86/(-12) + (-1)/(-6). Let s = v + 10. Suppose -4 - 4 = -4*g. What is the highest common divisor of g and s?
1
Suppose -3*h + 134 = t, -t + 106 = 5*h - 120. Calculate the highest common factor of h and 368.
46
Let m be -5 - (-23 - (7 - -1)). Calculate the highest common factor of m and 1456.
26
Let n = -1 - -6. Suppose -31 + 1 = -3*h. Let l = h - -15. Calculate the highest common divisor of n and l.
5
Let y be (-137)/(-5) - (-32)/(-80). Calculate the highest common divisor of 504 and y.
9
Let a(w) = -107*w + 877. Let c be a(8). Suppose 6*r - 3*r - 84 = 0. What is the highest common factor of r and c?
7
Let p be (-6)/(-15) + ((-2191)/5)/(-7). What is the highest common divisor of p and 45?
9
Let r be (90/21 - 4/14) + -3. Let h be (r + -3)*12/(-2). Let d(n) = 3*n**2 + 4*n - 7. Let f be d(-5). Calculate the highest common divisor of f and h.
12
Suppose -5*b - 359 = -3*x, -4*b + 2*b - 2 = 0. What is the highest common divisor of 3304 and x?
118
Let p = -1145 + 2076. Suppose 3*t = 4*j - 951, 4*j - 3*t + 4*t - p = 0. What is the greatest common factor of 26 and j?
26
Let f(v) = -22*v + 13. Let p be f(3). Let c = p + 68. Calculate the highest common divisor of 3 and c.
3
Let u = -2161 + 2263. Calculate the greatest common factor of 1377 and u.
51
Suppose 10*g - 664 - 4606 = 0. What is the highest common divisor of 17 and g?
17
Suppose 10*l + 2*i = 8*l, l - 5*i = 0. Suppose 3*v + 88 - 124 = l. What is the greatest common factor of v and 216?
12
Let p(g) = g**2 - 9*g - 357. Let f be p(24). What is the highest common factor of 8 and f?
1
Let b = -237 + 258. What is the greatest common divisor of 357 and b?
21
Let p(x) = -x**2 + 21*x + 1. Let b be p(15). Suppose -65 - b = -4*w. Suppose 2*t - 5 = -v, -5*v + 0*v = -4*t - w. What is the highest common factor of 77 and v?
7
Suppose -3*i - 14 + 47 = 0. What is the highest common factor of i and 374?
11
Suppose 5*z = -w - 78 - 64, -5*w - 680 = -5*z. Let t = w + 218. Calculate the highest common divisor of t and 54.
27
Let s = -42 - -55. Suppose 4*x - 5*j = 166, 2*x - 152 = -2*x - 2*j. Calculate the highest common factor of s and x.
13
Let l(r) = -39*r - 33. Let u be l(-2). What is the highest common factor of u and 45?
45
Let z(v) = 7*v - 9. Let x be z(6). Suppose 0 = -2*s + x - 11. Let w be (308/s)/(1/4). What is the highest common factor of 14 and w?
14
Suppose 2*i - 6*i = -3*f - 200, -5*i + 2*f + 250 = 0. What is the greatest common factor of i and 175?
25
Suppose -4*f - 5*v = -1213, 0 = -5*f - 3*v + 921 + 579. Calculate the highest common factor of f and 45.
9
Let t(w) = 15*w + 15. Suppose 5*u - 3*q = 35, 2*q - 41 = -5*u + 19. Let n be t(u). What is the highest common divisor of n and 15?
15
Let c(q) be the first derivative of -q**3/3 - 21*q**2/2 + 12*q + 26. Let f be c(-20). Calculate the highest common factor of f and 80.
16
Let z = 1250 + -850. What is the greatest common divisor of z and 25?
25
Let i = -71 - -51. Suppose 45*a = 42*a + 216. Let t be (a/i + 4)*15. What is the greatest common factor of t and 4?
2
Suppose 4*c = -2*k + 788, 4*c + 0*k - 768 = 3*k. Calculate the highest common divisor of c and 15.
15
Suppose -8*m - 95 = -13*m. Suppose -4*s - m = -307. What is the highest common divisor of 8 and s?
8
Let k = 278 + -239. What is the highest common factor of 325 and k?
13
Suppose 10*c = 13*c - 3. Let u be c*2 - (-1 + -3). Let w = 97 - 55. Calculate the highest common factor of u and w.
6
Let x(s) = s. Let y(a) = -10*a - 19. Let w(h) = 3*x(h) + y(h). Let o be w(-3). Calculate the highest common factor of o and 8.
2
Let d(y) = -2*y**3 - 19*y**2 + 8*y - 6. Let x be d(-10). Let t(h) = -h + 38. Let v be t(x). Calculate the greatest common factor of 48 and v.
24
Let s(b) = -11 + 9*b + 12 - b**2 + 4*b. Let w be s(12). What is the highest common divisor of w and 13?
13
Suppose 4*l - 216 = -3*h, 3*h - 273 = -7*l + 2*l. What is the highest common divisor of l and 38?
19
Suppose 3*h - 349 - 238 = 4*y, 5*y = 2*h - 403. Let g(f) = -2*f - 19. Let b be g(-20). What is the highest common factor of b and h?
21
Suppose 4*n + 160 = 2*s, 42 = -3*s + 2*n + 266. Suppose 11*w = 5*w + s. Calculate the greatest common divisor of 108 and w.
12
Let d be 411/(-2)*(-8)/12. Let j = -81 + d. Calculate the highest common factor of 14 and j.
14
Let b = 3 - -9. Suppose -20 - b = -4*j. Let a be 525/6 + (-1)/(-2). Calculate the highest common factor of a and j.
8
Let c be ((-4)/(-6))/(2/36). Let l(f) be the first derivative of f**3/3 - f**2 + 9*f + 1. Let z be l(5). Calculate the highest common divisor of c and z.
12
Let m(r) = -r**2 - 7*r + 30. Let i be m(-7). What is the highest common divisor of i and 120?
30
Let j(y) = y**3 + 14*y**2 - 15*y + 5. Let k be j(-15). Let m(s) = 4*s. Let u be m(k). What is the greatest common factor of 2 and u?
2
Suppose -8*f + 6*f - 384 = -2*v, 2*v - 5*f - 384 = 0. Calculate the greatest common divisor of v and 528.
48
Suppose 14950 = 9*q + 16*q. What is the highest common factor of q and 26?
26
Suppose -4*l = 2*k - 404, 3*k + 2*l - 641 = -19. Calculate the highest common factor of k and 770.
70
Let d be ((-385)/10)/(56/(-32)). Let l(a) = a**3 + 5*a**2 - 5*a + 8. Let b be l(-6). What is the highest common divisor of d and b?
2
Suppose 0 = -5*v + 8 - 3. Suppose 2*j - 7*j - 5 = 0. Let w be (-8 + 3)*(0 + j). Calculate the greatest common divisor of v and w.
1
Let c(u) = u**3 - 17*u**2 - 8*u - 20. Let y be c(18). What is the highest common factor of 10 and y?
10
Let b = 232 - 190. Calculate the highest common divisor of b and 476.
14
Let s = -2600 + 1394. Let i be s/(-10) - 2/(-5). Suppose -5*z = 5*f - 3*f - 55, -f = 3*z - 33. What is the highest common divisor of z and i?
11
Suppose -27*m + 32*m = -155. Let f = 99 + m. Calculate the highest common divisor of 17 and f.
17
Suppose -5*p - 4*t = -1192, -7*p + 3*t = -6*p - 246. Calculate the greatest common factor of 15 and p.
15
Let w(o) = -5*o - 1. Let l be w(-1). Let v(k) = -k**3 + 9*k**2 - 18*k + 6. Let d = 42 - 36. Let z be v(d). What is the greatest common divisor of z and l?
2
Suppose -3*x = 55 - 1144. What is the highest common divisor of x and 33?
33
Suppose 0 = -4*g - 0*g + 16. Suppose 5*b - 25 + 0 = 0. Suppose -25 = -g*m + x, -x + 28 = b*m + x. What is the greatest common divisor of 12 and m?
6
Let f(o) = 3*o**2 + 18*o - 86. Let x be f(4). Suppose 5*q - 410 = -0*q - 5*r, -4*q + 2*r = -346. What is the greatest common divisor of x and q?
17
Let q be (-1 + 0)/(3/(-9)). Suppose -m - 176 = -q*m. Let x = -13 - -21. Calculate the greatest common factor of m and x.
8
Let y be (-98)/(-441) - 17330/(-18). What is the highest common divisor of 9 and y?
9
Let u be (1/(-2))/(4/((-24)/1)). What is the highest common factor of u and 393?
3
Let y(x) be the third derivative of 7*x**4/24 + x**2. Let c be y(-5). Let p be 84/10 - (-14)/c. What is the highest common factor of p and 16?
8
Let f be (0 + -1)*-25 + -1. Suppose 2*p - 536 + 56 = -5*o, o - 4*p = 96. What is the highest common factor of o and f?
24
Let h be 9/(-6) - ((-453)/6 - -4). What is the greatest common divisor of 28 and h?
14
Let t(f) = f**3 + 12*f**2 + 2 - 2*f**3 + 0*f**3 - 17*f - 16. Let u be t(10). Calculate the greatest common divisor of 64 and u.
16
Let g(f) = -85*f - 21. Let b(y) = -28*y - 7. Let r(m) = 7*b(m) - 2*g(m). Let a be r(4). Let l = 183 + a. Calculate the greatest common factor of l and 9.
9
Suppose -4*y = -20, 0*y = 2*g - 2*y - 16. Let w = -39 - -143. What is the hig